 Let o(i) = -1 - y + 3 + 4 + i. Let x be o(9). What is the highest common factor of x and 24?
12
Suppose h = -0*q - q + 253, 5*h - 1235 = q. Suppose -258*j = -276*j + 558. What is the greatest common divisor of h and j?
31
Suppose 5*c - 3*g - 12 = 0, -8 = -4*c + 7*g - 3*g. Suppose -c*k + 40 = k. Suppose -8*h - 4*h = -120. What is the greatest common divisor of h and k?
10
Let d(s) = 6*s**2 - 5*s + 1. Let i be d(-4). Suppose -212*n = -163*n - 3822. What is the greatest common factor of i and n?
39
Suppose -49*h - 40 = -51*h. Calculate the greatest common factor of h and 470.
10
Suppose o - 56 = 5*o. Let t = o - -36. Suppose 870 = 4*b + 5*q, -26*b + 1092 = -21*b + 4*q. Calculate the highest common divisor of t and b.
22
Let o = -119 + 121. Let t be -2 - (2 + -5) - -15. What is the highest common factor of o and t?
2
Let u be (11/(-22))/(1/(-24)). Suppose -5*v = -307 - 353. Calculate the highest common divisor of u and v.
12
Let y(b) = b**3 - 3*b**2 - 4. Let k be y(4). Suppose 5*p + 70 = 5*w, 2*w = -3*p + 3 + 15. Calculate the greatest common divisor of k and w.
12
Let p be ((-312)/60*2)/(1/(-5)). Calculate the greatest common factor of 416 and p.
52
Let m(k) = k + 3. Let a be m(-3). Let y = a + -3. Let c be 20 + y + 4 + -4. Calculate the greatest common divisor of c and 68.
17
Let a be ((-138)/30 - -5)/((-1)/(-85)). What is the greatest common factor of 17 and a?
17
Let d = 381 + -257. Let v(h) = -h**3 - 27*h**2 + 87*h - 59. Let a be v(-30). What is the highest common divisor of a and d?
31
Let d(p) = 4*p**3 - 20*p**2 - 7*p + 6. Let g be d(6). What is the greatest common factor of 63 and g?
9
Suppose -1745 = -3*u + 4*k, -2900 = -5*u - 2*k + 7*k. What is the highest common factor of u and 25?
25
Let c = -115 + 46. Suppose a + 17 - 126 = 0. Let u = a + c. What is the highest common factor of u and 60?
20
Suppose 4*o - 44 = -4. Let a be o + 1 + (7 - 4). Suppose 64 = 4*u + 2*h, u + 3 - 1 = 4*h. What is the highest common divisor of a and u?
14
Suppose -o + 6*o = 0. Let c(i) be the third derivative of -i**4/24 + 125*i**3/6 + 6*i**2. Let f be c(o). Calculate the greatest common factor of f and 25.
25
Let h be (-1*2 - 0) + 5. Suppose 0 = h*v - 10 - 5. Let g = 206 + -181. What is the greatest common divisor of v and g?
5
Let a = 116 + -70. Let k(h) = -27*h - 6. Let f be k(-2). Let t be (-277)/(-4) - 12/f. Calculate the greatest common divisor of t and a.
23
Suppose -m = -3 - 17. Suppose p = 6*p - m. Let t be 1*5/(-15) + (-31)/(-3). What is the greatest common factor of p and t?
2
Let w(z) = 4*z**2 - 3*z - 18. Let t be w(-2). Let h = -59 + 111. Calculate the greatest common divisor of t and h.
4
Let b be 72/(-27)*(-6)/4. Suppose -s = b*s, 10 = 2*g + 2*s. Suppose -5*k + i = -35, -g*i - 18 = k + 1. Calculate the greatest common divisor of 4 and k.
2
Let l = 1060 - 1047. Calculate the greatest common factor of 793 and l.
13
Let b be 0 + -2 + (5 - 1). Suppose b*l - 7 = 51. What is the greatest common factor of 261 and l?
29
Let g = 89 + -64. Let f = g + 27. Calculate the highest common divisor of 39 and f.
13
Let d = 47 - 2. Let u be 1/2 + d/10. Suppose 150 = 3*a - 2*p, 2*a - 2*p - 2*p - 100 = 0. Calculate the greatest common factor of u and a.
5
Let g(w) be the third derivative of -w**6/120 - w**5/6 - w**4/6 - 13*w**3/6 + 28*w**2. Let d be g(-10). Calculate the greatest common factor of d and 9.
9
Let d(x) be the third derivative of -x**6/120 - x**5/20 + x**4/24 - x**3/6 + 20*x**2. Let y be d(-4). What is the greatest common divisor of y and 22?
11
Let w be -11 + (15 - -1) + (100 - 0). What is the greatest common divisor of w and 480?
15
Suppose -3*m = -5*w - 18 - 7, 4*m + w = 18. Let a = 2 + m. Calculate the greatest common divisor of 63 and a.
7
Let d be 173/5 + 30/(-50). Calculate the greatest common factor of d and 68.
34
Suppose r = -3*z + 14, 5*z - 18 = 3*z - 5*r. Suppose 4 = z*h - 5*c, -2*c = -h - 6*c + 1. Let x = -37 - -44. What is the greatest common factor of h and x?
1
Suppose 9 = -360*s + 361*s. Calculate the greatest common divisor of s and 171.
9
Suppose f + 170 = 3*f. Suppose 5*y - 9*x = -5*x + 101, -5*y + 97 = -3*x. What is the greatest common factor of y and f?
17
Let g(p) = 5*p**2 + 6*p + 8. Let v(r) = 5*r**2 + 6*r + 8. Let d(q) = 3*g(q) - 2*v(q). Let j be d(6). What is the greatest common factor of 32 and j?
32
Let r(x) = -x + 18. Suppose 2*t = -0*t + 4, 84 = -5*o + 2*t. Let w be r(o). Let f = w - 24. Calculate the highest common divisor of 70 and f.
10
Let h be 1/((-7)/(-2)) + 10836/147. Suppose q - h = 2*a, -2*q + 158 = a - 0*a. What is the highest common factor of 6 and q?
6
Let j = -173 - -178. Calculate the highest common divisor of j and 1.
1
Let g(a) = -4*a + 28. Let s be g(5). Let p(t) = t**3 - 4*t**2 + t - 6. Let q be p(5). Let l be 222/s + 6/q. What is the greatest common factor of l and 14?
14
Let p be (-10 + 4)*(-27)/2. What is the greatest common factor of 54 and p?
27
Suppose -189 - 472 = -d. Suppose -89 = 4*l - d. Suppose -4*m + 6*a + 67 = 3*a, 5*m - 55 = -2*a. Calculate the highest common divisor of l and m.
13
Let g be 3213/28 + -4 + (-68)/(-16). Calculate the highest common divisor of 69 and g.
23
Let l(u) = 4*u**2 - 53*u - 8. Let p be l(16). Calculate the greatest common factor of p and 36.
12
Let c(s) = -2*s**2. Let m be c(1). Let j = 3 - m. Let r = j + 31. What is the highest common divisor of 12 and r?
12
Let a = -225 - -385. Calculate the highest common divisor of a and 200.
40
Let p be (-3)/(-2)*84/9. Let y be 4 + -1*1/1. Let a = p - y. What is the highest common factor of 44 and a?
11
Suppose 4*s = 4*g, -5*s + 7 = 2*g - 14. Let h = s + -1. Suppose 4*a = 2*c - 40, -2*a - 54 = -3*c + a. What is the greatest common factor of c and h?
2
Let a be 2/16 + (-4389)/(-88). Let y = -15 + a. Calculate the greatest common factor of 14 and y.
7
Let y be 58*((-8)/(-32) + (-21)/(-12)). Calculate the greatest common factor of 16 and y.
4
Let w = -110 - -172. Let t = -38 + w. Let l = 217 + -97. Calculate the highest common divisor of l and t.
24
Let d(r) = r**3 - 2*r**2 - 2*r. Let j be d(5). Let p = -26 - -52. Calculate the greatest common divisor of p and j.
13
Let o(i) = 2*i**2 - 5*i. Let p be o(6). Suppose -w - 8484 = -8496. Calculate the greatest common factor of p and w.
6
Let m(i) = 628*i - 50. Let c be m(1). Calculate the highest common factor of 85 and c.
17
Suppose -40 + 472 = 18*v. Calculate the greatest common factor of v and 1016.
8
Let d = 14 - -16. Suppose 4*i + 2*w + 100 = i, 3*i + 4*w + 110 = 0. Let p be i/(9/(135/(-6))). Calculate the greatest common factor of d and p.
15
Suppose 2*o + 2*y = 2182, 4*y - 1152 = -o - 46. What is the highest common divisor of o and 6?
6
Let g(o) = 11*o - 2. Let h be g(6). Suppose 0*w = 4*w - h. Let s(f) = -180*f + 1480. Let l be s(8). Calculate the greatest common divisor of w and l.
8
Let l be (24 - 10)*(-3)/(-6). Calculate the highest common divisor of l and 2.
1
Let w = 1217 + -669. Calculate the greatest common factor of 685 and w.
137
Let f be (2*-4)/(-96 + 94). Suppose 0 = -2*v + v. Let o be (v - 2)*(-30)/f. Calculate the greatest common divisor of o and 105.
15
Suppose -2*g + 21 + 19 = 2*n, n = -4*g + 83. Let w(c) = 4*c**3 + 3*c**2 - 2. Let d be w(2). What is the highest common factor of d and g?
21
Suppose 5*v - 1417 = -0*v + 4*z, -v = -5*z - 275. What is the highest common factor of v and 627?
57
Let a be ((-2)/4)/((-2)/168). Suppose -147*h = -95*h - 898 - 2742. What is the highest common factor of a and h?
14
Let t(h) = -22*h + 8. Let b be t(-6). Suppose 4*m + 5*j - 258 + 46 = 0, j = 3*m - b. What is the greatest common factor of m and 72?
24
Let c be (-75)/(-10)*(-6)/(-9). Suppose 5*w = -c + 35. Suppose 1 = -w*h + 7. What is the greatest common divisor of 11 and h?
1
Let k(f) = 7*f**2 + f + 1. Let g be k(-1). Suppose -40 = 5*m - g*m. What is the highest common divisor of 50 and m?
10
Suppose -3*y + 2*y + 7 = 0. Let a(z) = 2*z**2 - 6*z + 1. Let b be a(y). Calculate the greatest common divisor of 38 and b.
19
Let z be (322/3)/(34/51). Let j = z + -16. Calculate the highest common divisor of j and 58.
29
Let v be ((-3)/(-9))/((-9)/(-27)). Suppose -35 = 4*r - 9*r. Calculate the greatest common divisor of v and r.
1
Let t be 0 + (-5 + 3 - -75). What is the highest common di